{"id":132,"date":"2009-09-17T11:32:03","date_gmt":"2009-09-17T09:32:03","guid":{"rendered":"http:\/\/kreativ-atelier.net\/?page_id=132"},"modified":"2018-04-13T13:36:38","modified_gmt":"2018-04-13T11:36:38","slug":"marketingservice","status":"publish","type":"page","link":"http:\/\/kreativ-atelier.net\/?page_id=132","title":{"rendered":"Projektmanagement"},"content":{"rendered":"<p>Projektmanagement ist eine ganzheitliche Leistung, bei der ich Aufgaben der Projektsteuerung sowie die Projektleitung verantwortungsvoll ausf\u00fchre. Als Projektmanager vertrete ich dabei die Interessen des Auftraggebers, treffe Entscheidungen in Abstimmung mit ihm und setze alle erforderlichen Ma\u00dfnahmen zielsicher um. F\u00fcr folgende Unternehmensbereiche stehe ich Ihnen gern zur Verf\u00fcgung:<\/p>\n<p><strong>Marketing\u00a0<\/strong><\/p>\n<p>Bevor man eine Fassade anstreichen kann, muss die Fassade erst einmal stehen. Genauso verh\u00e4lt es sich mit Werbung und Marketing &#8211; es n\u00fctzt der sch\u00f6nste Flyer nichts ohne ein erfolgreiches Gesamtmarketingkonzept. Das Entwickeln einer\u00a0zielf\u00fchrenden Strategie und das in Frage stellen der eingefahrenen Wege\u00a0geh\u00f6ren einfach dazu. Gern unterst\u00fctze ich Sie in der strategischen Marketingberatung und in der Begleitung operativer Ma\u00dfnahmen (z. B. Events). Den Grad der Intensit\u00e4t und die Begleitung der Umsetzung bestimmen das Ziel und\u00a0Sie als\u00a0Auftraggeber. Auch vermittle ich Ihnen die Grundlagen des Marketings in Schulungen und Seminaren.<\/p>\n<p><strong>Bildung<\/strong><\/p>\n<p>Die Digitalisierung und die Globalisierung haben Einfluss auf jeden Bereich unseres Lebens. Auch das Lernen ver\u00e4ndert sich. Das Internet braucht keine H\u00f6rs\u00e4le mehr und jeden Tag werden neue Jobs geschaffen, die es gestern noch nicht gab.\u00a0Die Entwicklung zukunftsweisender Bildungsprogramme mit modernen Methoden geh\u00f6ren zu meinen Steckenpferden. Als besonderes Beispiel m\u00f6chte ich hier die interkulturellen Unterrichtsmodule der Daetz-Stiftung im &#8222;Lichtensteiner Modell&#8220; erw\u00e4hnen. Neben der Entwicklung, Durchf\u00fchrung und Evaluierung von Bildungsprogrammen geh\u00f6rt auch die F\u00f6rdermittelakquise zu einem wichtigen Bet\u00e4tigungsfeld.<\/p>\n<p style=\"text-align: justify;\">Sprechen Sie mich an und vereinbaren Sie ein unverbindliches Beratungsgespr\u00e4ch! Die Preise richten sich je nach\u00a0Aufwand.<\/p>\n<p style=\"text-align: justify;\">Hiermit weise ich darauf hin, das jedes auf dieser Internetseite befindliche Bild bzw. Foto dem Urheberrecht unterliegen. Unerlaubte Kopien, Vervielf\u00e4ltigungen und in Umlauf bringen\u00a0ohne schriftliche Erlaubnis werden strafrechtlich verfolgt.<\/p>\n","protected":false},"excerpt":{"rendered":"<p>Projektmanagement ist eine ganzheitliche Leistung, bei der ich Aufgaben der Projektsteuerung sowie die Projektleitung verantwortungsvoll ausf\u00fchre. Als Projektmanager vertrete ich dabei die Interessen des Auftraggebers, treffe Entscheidungen in Abstimmung mit ihm und setze alle erforderlichen Ma\u00dfnahmen zielsicher um. F\u00fcr folgende Unternehmensbereiche stehe ich Ihnen gern zur Verf\u00fcgung: Marketing\u00a0 Bevor man eine Fassade anstreichen kann, muss [&hellip;]<\/p>\n","protected":false},"author":1,"featured_media":0,"parent":0,"menu_order":3,"comment_status":"closed","ping_status":"closed","template":"","meta":[],"_links":{"self":[{"href":"http:\/\/kreativ-atelier.net\/index.php?rest_route=\/wp\/v2\/pages\/132"}],"collection":[{"href":"http:\/\/kreativ-atelier.net\/index.php?rest_route=\/wp\/v2\/pages"}],"about":[{"href":"http:\/\/kreativ-atelier.net\/index.php?rest_route=\/wp\/v2\/types\/page"}],"author":[{"embeddable":true,"href":"http:\/\/kreativ-atelier.net\/index.php?rest_route=\/wp\/v2\/users\/1"}],"replies":[{"embeddable":true,"href":"http:\/\/kreativ-atelier.net\/index.php?rest_route=%2Fwp%2Fv2%2Fcomments&post=132"}],"version-history":[{"count":10,"href":"http:\/\/kreativ-atelier.net\/index.php?rest_route=\/wp\/v2\/pages\/132\/revisions"}],"predecessor-version":[{"id":648,"href":"http:\/\/kreativ-atelier.net\/index.php?rest_route=\/wp\/v2\/pages\/132\/revisions\/648"}],"wp:attachment":[{"href":"http:\/\/kreativ-atelier.net\/index.php?rest_route=%2Fwp%2Fv2%2Fmedia&parent=132"}],"curies":[{"name":"wp","href":"https:\/\/api.w.org\/{rel}","templated":true}]}}

<p>Projektmanagement ist eine ganzheitliche Leistung, bei der ich Aufgaben der Projektsteuerung sowie die Projektleitung verantwortungsvoll ausführe. Als Projektmanager vertrete ich dabei die Interessen des Auftraggebers, treffe Entscheidungen in Abstimmung mit ihm und setze alle erforderlichen Maßnahmen zielsicher um. Für folgende Unternehmensbereiche stehe ich Ihnen gern zur Verfügung:</p>
<p><strong>Marketing </strong></p>
<p>Bevor man eine Fassade anstreichen kann, muss die Fassade erst einmal stehen. Genauso verhält es sich mit Werbung und Marketing &#8211; es nützt der schönste Flyer nichts ohne ein erfolgreiches Gesamtmarketingkonzept. Das Entwickeln einer zielführenden Strategie und das in Frage stellen der eingefahrenen Wege gehören einfach dazu. Gern unterstütze ich Sie in der strategischen Marketingberatung und in der Begleitung operativer Maßnahmen (z. B. Events). Den Grad der Intensität und die Begleitung der Umsetzung bestimmen das Ziel und Sie als Auftraggeber. Auch vermittle ich Ihnen die Grundlagen des Marketings in Schulungen und Seminaren.</p>
<p><strong>Bildung</strong></p>
<p>Die Digitalisierung und die Globalisierung haben Einfluss auf jeden Bereich unseres Lebens. Auch das Lernen verändert sich. Das Internet braucht keine Hörsäle mehr und jeden Tag werden neue Jobs geschaffen, die es gestern noch nicht gab. Die Entwicklung zukunftsweisender Bildungsprogramme mit modernen Methoden gehören zu meinen Steckenpferden. Als besonderes Beispiel möchte ich hier die interkulturellen Unterrichtsmodule der Daetz-Stiftung im &#8222;Lichtensteiner Modell&#8220; erwähnen. Neben der Entwicklung, Durchführung und Evaluierung von Bildungsprogrammen gehört auch die Fördermittelakquise zu einem wichtigen Betätigungsfeld.</p>
<p style="text-align: justify;">Sprechen Sie mich an und vereinbaren Sie ein unverbindliches Beratungsgespräch! Die Preise richten sich je nach Aufwand.</p>
<p style="text-align: justify;">Hiermit weise ich darauf hin, das jedes auf dieser Internetseite befindliche Bild bzw. Foto dem Urheberrecht unterliegen. Unerlaubte Kopien, Vervielfältigungen und in Umlauf bringen ohne schriftliche Erlaubnis werden strafrechtlich verfolgt.</p>

<p>Projektmanagement ist eine ganzheitliche Leistung, bei der ich Aufgaben der Projektsteuerung sowie die Projektleitung verantwortungsvoll ausführe. Als Projektmanager vertrete ich dabei die Interessen des Auftraggebers, treffe Entscheidungen in Abstimmung mit ihm und setze alle erforderlichen Maßnahmen zielsicher um. Für folgende Unternehmensbereiche stehe ich Ihnen gern zur Verfügung: Marketing  Bevor man eine Fassade anstreichen kann, muss [&hellip;]</p>
