{"id":140,"date":"2009-09-17T11:44:30","date_gmt":"2009-09-17T09:44:30","guid":{"rendered":"http:\/\/kreativ-atelier.net\/?page_id=140"},"modified":"2010-01-26T10:35:46","modified_gmt":"2010-01-26T08:35:46","slug":"auftragsmalerei","status":"publish","type":"page","link":"http:\/\/kreativ-atelier.net\/?page_id=140","title":{"rendered":"Auftragsmalerei"},"content":{"rendered":"<p style=\"text-align: justify;\">Sie wollten schon immer mal ein ganz individuelles Gem\u00e4lde oder Motivationsbild besitzen? Oder vielleicht eine Zeichnung vom Foto Ihrer Liebsten? Mit viel Fingerspitzengef\u00fchl setze ich Ihre W\u00fcnsche um, damit der richtige Ausdruck in Szene gesetzt wird.\u00a0Manigfaltige Erfahrungen und viele Studieng\u00e4nge wie Gestaltungslehre, Bildgestaltung, Design, Kunstgeschichte, Freihandzeichnen, Ideenfindung, Layouttechnik, Schattenlehre, Farbenlehre, Perspektive, konstruktives Zeichnen und nat\u00fcrlich r\u00e4umliches Denken sichern Ihnen ein perfektes Ergebnis zu. Gern gestalte ich auch Ihre W\u00e4nde innen und au\u00dfen mittels kreativer Wandmalerei (bis 4 m\u00b2).<\/p>\n<p style=\"text-align: justify;\">Sprechen Sie mich an und vereinbaren Sie ein unverbindliches Beratungsgespr\u00e4ch! Die Preise richten sich je nach Gr\u00f6\u00dfe und Aufwand.<\/p>\n<p style=\"text-align: justify;\">Hiermit weise ich darauf hin, das jedes auf dieser Internetseite befindliche Bild bzw. Foto dem Urheberrecht unterliegen. Unerlaubte Kopien, Vervielf\u00e4ltigungen und in Umlauf bringen\u00a0ohne schriftliche Erlaubnis werden strafrechtlich verfolgt.<\/p>\n","protected":false},"excerpt":{"rendered":"<p>Sie wollten schon immer mal ein ganz individuelles Gem\u00e4lde oder Motivationsbild besitzen? Oder vielleicht eine Zeichnung vom Foto Ihrer Liebsten? Mit viel Fingerspitzengef\u00fchl setze ich Ihre W\u00fcnsche um, damit der richtige Ausdruck in Szene gesetzt wird.\u00a0Manigfaltige Erfahrungen und viele Studieng\u00e4nge wie Gestaltungslehre, Bildgestaltung, Design, Kunstgeschichte, Freihandzeichnen, Ideenfindung, Layouttechnik, Schattenlehre, Farbenlehre, Perspektive, konstruktives Zeichnen und nat\u00fcrlich [&hellip;]<\/p>\n","protected":false},"author":1,"featured_media":0,"parent":0,"menu_order":1,"comment_status":"closed","ping_status":"closed","template":"","meta":[],"_links":{"self":[{"href":"http:\/\/kreativ-atelier.net\/index.php?rest_route=\/wp\/v2\/pages\/140"}],"collection":[{"href":"http:\/\/kreativ-atelier.net\/index.php?rest_route=\/wp\/v2\/pages"}],"about":[{"href":"http:\/\/kreativ-atelier.net\/index.php?rest_route=\/wp\/v2\/types\/page"}],"author":[{"embeddable":true,"href":"http:\/\/kreativ-atelier.net\/index.php?rest_route=\/wp\/v2\/users\/1"}],"replies":[{"embeddable":true,"href":"http:\/\/kreativ-atelier.net\/index.php?rest_route=%2Fwp%2Fv2%2Fcomments&post=140"}],"version-history":[{"count":9,"href":"http:\/\/kreativ-atelier.net\/index.php?rest_route=\/wp\/v2\/pages\/140\/revisions"}],"predecessor-version":[{"id":162,"href":"http:\/\/kreativ-atelier.net\/index.php?rest_route=\/wp\/v2\/pages\/140\/revisions\/162"}],"wp:attachment":[{"href":"http:\/\/kreativ-atelier.net\/index.php?rest_route=%2Fwp%2Fv2%2Fmedia&parent=140"}],"curies":[{"name":"wp","href":"https:\/\/api.w.org\/{rel}","templated":true}]}}

<p style="text-align: justify;">Sie wollten schon immer mal ein ganz individuelles Gemälde oder Motivationsbild besitzen? Oder vielleicht eine Zeichnung vom Foto Ihrer Liebsten? Mit viel Fingerspitzengefühl setze ich Ihre Wünsche um, damit der richtige Ausdruck in Szene gesetzt wird. Manigfaltige Erfahrungen und viele Studiengänge wie Gestaltungslehre, Bildgestaltung, Design, Kunstgeschichte, Freihandzeichnen, Ideenfindung, Layouttechnik, Schattenlehre, Farbenlehre, Perspektive, konstruktives Zeichnen und natürlich räumliches Denken sichern Ihnen ein perfektes Ergebnis zu. Gern gestalte ich auch Ihre Wände innen und außen mittels kreativer Wandmalerei (bis 4 m²).</p>
<p style="text-align: justify;">Sprechen Sie mich an und vereinbaren Sie ein unverbindliches Beratungsgespräch! Die Preise richten sich je nach Größe und Aufwand.</p>
<p style="text-align: justify;">Hiermit weise ich darauf hin, das jedes auf dieser Internetseite befindliche Bild bzw. Foto dem Urheberrecht unterliegen. Unerlaubte Kopien, Vervielfältigungen und in Umlauf bringen ohne schriftliche Erlaubnis werden strafrechtlich verfolgt.</p>

<p>Sie wollten schon immer mal ein ganz individuelles Gemälde oder Motivationsbild besitzen? Oder vielleicht eine Zeichnung vom Foto Ihrer Liebsten? Mit viel Fingerspitzengefühl setze ich Ihre Wünsche um, damit der richtige Ausdruck in Szene gesetzt wird. Manigfaltige Erfahrungen und viele Studiengänge wie Gestaltungslehre, Bildgestaltung, Design, Kunstgeschichte, Freihandzeichnen, Ideenfindung, Layouttechnik, Schattenlehre, Farbenlehre, Perspektive, konstruktives Zeichnen und natürlich [&hellip;]</p>
